{"id":30,"date":"2017-08-08T10:26:39","date_gmt":"2017-08-08T10:26:39","guid":{"rendered":"http:\/\/nordthemes.com\/wild-book-demo\/?page_id=30"},"modified":"2022-08-26T05:39:34","modified_gmt":"2022-08-26T05:39:34","slug":"az-ev-kiemelt-ertekei","status":"publish","type":"page","link":"https:\/\/vackorovikornye.hu\/?page_id=30","title":{"rendered":"Az \u00e9v kiemelt \u00e9rt\u00e9kei"},"content":{"rendered":"<p>Haz\u00e1nk term\u00e9szeti kincsekben gazdag. Term\u00e9szetszeret\u0151 \u00e9s v\u00e9d\u0151 szakemberek, csoportok minden \u00e9vben megv\u00e1lasztj\u00e1k az adott \u00e9vben kiemelt \u00e9lettelen \u00e9s \u00e9l\u0151 term\u00e9szeti \u00e9rt\u00e9ket. Ennek c\u00e9lja az adott fajok, csoportok ir\u00e1nti figyelem felkelt\u00e9se. Ezek a fajok egyar\u00e1nt lehetnek valamilyen szinten v\u00e9dettek, vagy esetleg nem annyira ismertek. A kiv\u00e1lasztottakr\u00f3l ismeretterjeszt\u0151 \u00e9s tudom\u00e1nyos cikkek, n\u00e9pszer\u0171s\u00edt\u0151 kiadv\u00e1nyok jelennek meg abban az \u00e9vben, amelyek k\u00f6zelebb hozz\u00e1k ezeket az \u00e9rt\u00e9keket a szakemberekhez \u00e9s a laikusokhoz egyar\u00e1nt.<\/p>\n<p>Az \u00f3vod\u00e1ban a gyermekek mindennapi tev\u00e9kenys\u00e9geik k\u00f6zben, s\u00e9ta, kir\u00e1ndul\u00e1s, erdei \u00f3voda keret\u00e9ben, k\u00fcl\u00f6nb\u00f6z\u0151 sz\u00ednhelyeken ismerkedhetnek meg vel\u00fck. A term\u00e9szet \u00e9rt\u00e9keire, azok sz\u00e9ps\u00e9g\u00e9re r\u00e1csod\u00e1lkozva, eg\u00e9sz \u00e9let\u00fckre meghat\u00e1roz\u00f3 \u00e9lm\u00e9ny birtok\u00e1ba juthatnak, amely alapj\u00e1t adja term\u00e9szetszeret\u0151, v\u00e9d\u0151, k\u00f6rnyezettudatos gondolkod\u00e1suknak, magatart\u00e1suknak.<\/p>\n","protected":false},"excerpt":{"rendered":"<p>Haz\u00e1nk term\u00e9szeti kincsekben gazdag. Term\u00e9szetszeret\u0151 \u00e9s v\u00e9d\u0151 szakemberek, csoportok minden \u00e9vben megv\u00e1lasztj\u00e1k az adott \u00e9vben kiemelt \u00e9lettelen \u00e9s \u00e9l\u0151 term\u00e9szeti&#8230;<\/p>\n","protected":false},"author":1,"featured_media":0,"parent":0,"menu_order":0,"comment_status":"closed","ping_status":"closed","template":"","meta":{"ngg_post_thumbnail":0,"footnotes":""},"class_list":["post-30","page","type-page","status-publish","hentry"],"yoast_head":"<!-- This site is optimized with the Yoast SEO plugin v26.4 - https:\/\/yoast.com\/wordpress\/plugins\/seo\/ -->\n<title>Az \u00e9v kiemelt \u00e9rt\u00e9kei - K\u00f6rnyei Vackor \u00d3voda \u00e9s B\u00f6lcs\u0151de<\/title>\n<meta name=\"robots\" content=\"index, follow, max-snippet:-1, max-image-preview:large, max-video-preview:-1\" \/>\n<link rel=\"canonical\" href=\"https:\/\/vackorovikornye.hu\/?page_id=30\" \/>\n<meta property=\"og:locale\" content=\"hu_HU\" \/>\n<meta property=\"og:type\" content=\"article\" \/>\n<meta property=\"og:title\" content=\"Az \u00e9v kiemelt \u00e9rt\u00e9kei - K\u00f6rnyei Vackor \u00d3voda \u00e9s B\u00f6lcs\u0151de\" \/>\n<meta property=\"og:description\" content=\"Haz\u00e1nk term\u00e9szeti kincsekben gazdag. Term\u00e9szetszeret\u0151 \u00e9s v\u00e9d\u0151 szakemberek, csoportok minden \u00e9vben megv\u00e1lasztj\u00e1k az adott \u00e9vben kiemelt \u00e9lettelen \u00e9s \u00e9l\u0151 term\u00e9szeti...\" \/>\n<meta property=\"og:url\" content=\"https:\/\/vackorovikornye.hu\/?page_id=30\" \/>\n<meta property=\"og:site_name\" content=\"K\u00f6rnyei Vackor \u00d3voda \u00e9s B\u00f6lcs\u0151de\" \/>\n<meta property=\"article:publisher\" content=\"https:\/\/www.facebook.com\/Krnyei-Vackor-voda-s-Blcsde-100831948376755\/\" \/>\n<meta property=\"article:modified_time\" content=\"2022-08-26T05:39:34+00:00\" \/>\n<meta name=\"twitter:card\" content=\"summary_large_image\" \/>\n<meta name=\"twitter:label1\" content=\"Becs\u00fclt olvas\u00e1si id\u0151\" \/>\n\t<meta name=\"twitter:data1\" content=\"1 perc\" \/>\n<script type=\"application\/ld+json\" class=\"yoast-schema-graph\">{\"@context\":\"https:\/\/schema.org\",\"@graph\":[{\"@type\":\"WebPage\",\"@id\":\"https:\/\/vackorovikornye.hu\/?page_id=30\",\"url\":\"https:\/\/vackorovikornye.hu\/?page_id=30\",\"name\":\"Az \u00e9v kiemelt \u00e9rt\u00e9kei - K\u00f6rnyei Vackor \u00d3voda \u00e9s B\u00f6lcs\u0151de\",\"isPartOf\":{\"@id\":\"https:\/\/vackorovikornye.hu\/#website\"},\"datePublished\":\"2017-08-08T10:26:39+00:00\",\"dateModified\":\"2022-08-26T05:39:34+00:00\",\"breadcrumb\":{\"@id\":\"https:\/\/vackorovikornye.hu\/?page_id=30#breadcrumb\"},\"inLanguage\":\"hu\",\"potentialAction\":[{\"@type\":\"ReadAction\",\"target\":[\"https:\/\/vackorovikornye.hu\/?page_id=30\"]}]},{\"@type\":\"BreadcrumbList\",\"@id\":\"https:\/\/vackorovikornye.hu\/?page_id=30#breadcrumb\",\"itemListElement\":[{\"@type\":\"ListItem\",\"position\":1,\"name\":\"Kezd\u0151lap\",\"item\":\"https:\/\/vackorovikornye.hu\/\"},{\"@type\":\"ListItem\",\"position\":2,\"name\":\"Az \u00e9v kiemelt \u00e9rt\u00e9kei\"}]},{\"@type\":\"WebSite\",\"@id\":\"https:\/\/vackorovikornye.hu\/#website\",\"url\":\"https:\/\/vackorovikornye.hu\/\",\"name\":\"K\u00f6rnyei Vackor \u00d3voda \u00e9s B\u00f6lcs\u0151de\",\"description\":\"Int\u00e9zm\u00e9ny\u00fcnk k\u00f6z\u00f6s igazgat\u00e1s\u00fa \u00f3voda \u00e9s b\u00f6lcs\u0151de.\",\"potentialAction\":[{\"@type\":\"SearchAction\",\"target\":{\"@type\":\"EntryPoint\",\"urlTemplate\":\"https:\/\/vackorovikornye.hu\/?s={search_term_string}\"},\"query-input\":{\"@type\":\"PropertyValueSpecification\",\"valueRequired\":true,\"valueName\":\"search_term_string\"}}],\"inLanguage\":\"hu\"}]}<\/script>\n<!-- \/ Yoast SEO plugin. -->","yoast_head_json":{"title":"Az \u00e9v kiemelt \u00e9rt\u00e9kei - K\u00f6rnyei Vackor \u00d3voda \u00e9s B\u00f6lcs\u0151de","robots":{"index":"index","follow":"follow","max-snippet":"max-snippet:-1","max-image-preview":"max-image-preview:large","max-video-preview":"max-video-preview:-1"},"canonical":"https:\/\/vackorovikornye.hu\/?page_id=30","og_locale":"hu_HU","og_type":"article","og_title":"Az \u00e9v kiemelt \u00e9rt\u00e9kei - K\u00f6rnyei Vackor \u00d3voda \u00e9s B\u00f6lcs\u0151de","og_description":"Haz\u00e1nk term\u00e9szeti kincsekben gazdag. Term\u00e9szetszeret\u0151 \u00e9s v\u00e9d\u0151 szakemberek, csoportok minden \u00e9vben megv\u00e1lasztj\u00e1k az adott \u00e9vben kiemelt \u00e9lettelen \u00e9s \u00e9l\u0151 term\u00e9szeti...","og_url":"https:\/\/vackorovikornye.hu\/?page_id=30","og_site_name":"K\u00f6rnyei Vackor \u00d3voda \u00e9s B\u00f6lcs\u0151de","article_publisher":"https:\/\/www.facebook.com\/Krnyei-Vackor-voda-s-Blcsde-100831948376755\/","article_modified_time":"2022-08-26T05:39:34+00:00","twitter_card":"summary_large_image","twitter_misc":{"Becs\u00fclt olvas\u00e1si id\u0151":"1 perc"},"schema":{"@context":"https:\/\/schema.org","@graph":[{"@type":"WebPage","@id":"https:\/\/vackorovikornye.hu\/?page_id=30","url":"https:\/\/vackorovikornye.hu\/?page_id=30","name":"Az \u00e9v kiemelt \u00e9rt\u00e9kei - K\u00f6rnyei Vackor \u00d3voda \u00e9s B\u00f6lcs\u0151de","isPartOf":{"@id":"https:\/\/vackorovikornye.hu\/#website"},"datePublished":"2017-08-08T10:26:39+00:00","dateModified":"2022-08-26T05:39:34+00:00","breadcrumb":{"@id":"https:\/\/vackorovikornye.hu\/?page_id=30#breadcrumb"},"inLanguage":"hu","potentialAction":[{"@type":"ReadAction","target":["https:\/\/vackorovikornye.hu\/?page_id=30"]}]},{"@type":"BreadcrumbList","@id":"https:\/\/vackorovikornye.hu\/?page_id=30#breadcrumb","itemListElement":[{"@type":"ListItem","position":1,"name":"Kezd\u0151lap","item":"https:\/\/vackorovikornye.hu\/"},{"@type":"ListItem","position":2,"name":"Az \u00e9v kiemelt \u00e9rt\u00e9kei"}]},{"@type":"WebSite","@id":"https:\/\/vackorovikornye.hu\/#website","url":"https:\/\/vackorovikornye.hu\/","name":"K\u00f6rnyei Vackor \u00d3voda \u00e9s B\u00f6lcs\u0151de","description":"Int\u00e9zm\u00e9ny\u00fcnk k\u00f6z\u00f6s igazgat\u00e1s\u00fa \u00f3voda \u00e9s b\u00f6lcs\u0151de.","potentialAction":[{"@type":"SearchAction","target":{"@type":"EntryPoint","urlTemplate":"https:\/\/vackorovikornye.hu\/?s={search_term_string}"},"query-input":{"@type":"PropertyValueSpecification","valueRequired":true,"valueName":"search_term_string"}}],"inLanguage":"hu"}]}},"_links":{"self":[{"href":"https:\/\/vackorovikornye.hu\/index.php?rest_route=\/wp\/v2\/pages\/30","targetHints":{"allow":["GET"]}}],"collection":[{"href":"https:\/\/vackorovikornye.hu\/index.php?rest_route=\/wp\/v2\/pages"}],"about":[{"href":"https:\/\/vackorovikornye.hu\/index.php?rest_route=\/wp\/v2\/types\/page"}],"author":[{"embeddable":true,"href":"https:\/\/vackorovikornye.hu\/index.php?rest_route=\/wp\/v2\/users\/1"}],"replies":[{"embeddable":true,"href":"https:\/\/vackorovikornye.hu\/index.php?rest_route=%2Fwp%2Fv2%2Fcomments&post=30"}],"version-history":[{"count":2,"href":"https:\/\/vackorovikornye.hu\/index.php?rest_route=\/wp\/v2\/pages\/30\/revisions"}],"predecessor-version":[{"id":633,"href":"https:\/\/vackorovikornye.hu\/index.php?rest_route=\/wp\/v2\/pages\/30\/revisions\/633"}],"wp:attachment":[{"href":"https:\/\/vackorovikornye.hu\/index.php?rest_route=%2Fwp%2Fv2%2Fmedia&parent=30"}],"curies":[{"name":"wp","href":"https:\/\/api.w.org\/{rel}","templated":true}]}}